 o(d) = 4*d**3 + 4*d**2 + 8*d - 1. Let n(a) = c*p(a) + 4*o(a). Give n(4).
-6
Suppose 6*t - 3*y + 5 = t, -y - 3 = -4*t. Let o(m) = -2*m + 7*m + 4*m**3 - m - 7 - 6*m**t - 3*m**3. Calculate o(5).
-12
Let t be ((-5)/(-15))/(2/36). Let k(m) = 5*m**2 - 2*m + 5 + 0*m**2 - 2*m - t*m**2. Let q be (-6)/(-12)*10/(-1). What is k(q)?
0
Let x(m) = 3*m**2 - 4*m - 11. Let t(z) = 2*z**2 - 5*z - 10. Let u(o) = -4*t(o) + 3*x(o). What is u(-5)?
-8
Let s be -2*30/12 + -3. Let u(p) = -p**2 - 7*p + 10. Give u(s).
2
Suppose 2*x - 13 = -2*z - 3*z, 0 = -3*x - 2*z + 3. Let s(p) be the third derivative of -p**6/120 + p**5/60 + p**4/24 + p**3/6 + 3*p**2. Calculate s(x).
2
Let r(u) = u**2 - 1 + 34*u**3 + u**2 - 16*u**3 - 14*u**3 + u**3. What is r(-1)?
-4
Let c(h) = -h - 3. Let s(u) = -2*u - 12. Let v be s(-1). Give c(v).
7
Let c(z) = z - 11. Let o(h) = h - 12. Let b(t) = 5*c(t) - 4*o(t). Let m(x) = x + 1. Let v be m(5). Calculate b(v).
-1
Let k(v) = -v - 4. Let s be ((-2)/(-3))/((-16)/(-552)). Let n = -21 + s. Let t be -3*(-1)/(-2)*n. Determine k(t).
-1
Suppose -3*z + 4116 = 432. Let i(b) = -1228*b + z*b + 6*b**2. Suppose -n + 4 = 3*n. Determine i(n).
6
Let w(k) be the first derivative of -3*k**2/2 + 7*k + 8. Let f(z) = 4*z - 6. Let h(c) = 6*f(c) + 5*w(c). Let d be 0 + -1 - (0 - 2). Calculate h(d).
8
Let j(s) be the third derivative of -s**4/24 + 5*s**2. Let f(h) = -h**2 - h - 1. Let w(z) = -f(z) - 2*j(z). Suppose 0 = -3*a - 18 + 6. Give w(a).
5
Suppose -q - 5*p = 9, 0 = -5*p - 7 - 3. Let w(a) = 2384432 - 2384432 - 5*a. Determine w(q).
-5
Let x = -96 + 92. Let b(r) be the second derivative of r**4/6 + 2*r**3/3 - r**2 - 5*r. Determine b(x).
14
Suppose -5*d - 10 = -0*d. Let y(x) be the first derivative of x**4/12 + 2*x**3/3 + x**2 - x - 1. Let p(j) be the first derivative of y(j). Calculate p(d).
-2
Let r(d) be the second derivative of 7*d**3/6 - 3*d**2/2 + 68*d + 2. Give r(-1).
-10
Suppose 4 = -20*v + 22*v. Let i(o) = -o**3 + 1. Let y be i(-1). Let h(z) = y*z + 2 - 4 + 0. What is h(v)?
2
Let x(o) = -7*o - 1. Suppose 140*q = 139*q - 1. What is x(q)?
6
Suppose 0 = -11*s + 179 - 124. Let z(l) = l**2 - 4*l - 7. What is z(s)?
-2
Suppose 0 = 3*z + 6 + 9. Let k = 1 + 2. Let b(v) = -4 + v + 3*v**2 + 2*v**2 - 3 + 0*v + v**k. Calculate b(z).
-12
Let n(g) = g**3 - 12*g**2 + 12*g - 5. Let l = -193 - -204. Determine n(l).
6
Let t(g) be the second derivative of -g**5/20 - 5*g**4/12 + g**3/3 + 3*g**2 + 545*g. Determine t(-5).
-4
Suppose -2*r + u = 2*r - 10, -2*r + 6 = -u. Let w(s) = 2*s**r - 3*s**3 - s**2 + 3*s**2 - s - 1 - 7*s**2. Calculate w(-2).
13
Let v(b) = 0 - 104*b - 3 + 103*b. Suppose -8*q - 36 + 12 = 0. Calculate v(q).
0
Let u(z) = z**2 - 4*z + 4. Let q be (10/(-15))/((-2)/18). Determine u(q).
16
Let f(u) = 2*u**3 - 3*u**2 - u + 2. Let m be f(2). Suppose -5*p = -p + m. Let c(i) be the first derivative of 3*i**2 + 2. Calculate c(p).
-6
Let y(f) be the first derivative of -7*f**4/12 - f**2/2 - 20*f - 29. Let p(n) be the first derivative of y(n). What is p(1)?
-8
Let m(r) = -r**2 + 9*r + 13. Let x(w) be the second derivative of -w**2/2 - 18*w. Let u(n) = -m(n) - 4*x(n). Determine u(9).
-9
Let t(y) be the first derivative of y**7/120 - y**5/60 + y**4/24 + 14*y**3 + 19. Let x(c) be the third derivative of t(c). Calculate x(1).
6
Let y be (-3)/12 + 4/(32/42). Let p(x) = x**3 - y - 5*x + 0*x + 7*x - 7*x**2 + 6*x. What is p(6)?
7
Let n(a) = a - 3. Let t(o) = 12*o - 34. Suppose 3*b + 4*w - 5 = -11, 2*w = 5*b + 36. Let v(i) = b*t(i) + 68*n(i). Give v(-4).
16
Let g(s) be the first derivative of -3/2*s**2 + s**3 - 12 + 5*s + 1/4*s**4. What is g(-4)?
1
Let o(r) = -5*r - 5. Let n(y) = -4*y. Let p(c) = 3*n(c) - o(c). Determine p(5).
-30
Let o(c) be the first derivative of c**3/3 + 3*c**2 - 5*c - 55. Let t be (-20)/(-25) - (-1)/5. Let u = -5 - t. Determine o(u).
-5
Let q(y) = y**3 - y**2 + 10. Let v(o) = o**2 + 31*o + 108. Let p be v(-27). What is q(p)?
10
Let c(s) be the first derivative of 2 + 0*s - 1/4*s**4 + 2*s**3 + 0*s**2. Let x = -14 - -20. Determine c(x).
0
Let n(o) be the third derivative of o**8/20160 + o**6/180 - o**5/12 - 26*o**2. Let i(l) be the third derivative of n(l). Calculate i(0).
4
Suppose 0 = -4*p - 0*p - 12. Let b(t) = -118*t**3 + 32*t**3 + 30*t**3 - 5*t + 31*t**3 - 3 + 24*t**3 - 4*t**2. Determine b(p).
3
Let w(z) = -605*z + z**2 - 4 + 1206*z + 3 - 603*z. What is w(6)?
23
Let w be 26/10 + (-18)/30. Let h(i) = 39*i**2 - 61*i**w + i + 32*i**2. Determine h(1).
11
Let j = -3 + 9. Let i(z) = 7*z - 5. Let o(q) = -19*q + 11. Let y(c) = 17*c - 11. Let t(d) = 2*o(d) + 3*y(d). Let s(f) = 7*i(f) - 4*t(f). Give s(j).
-9
Let s(i) = -i**3 + i**2 - 4*i + 3. Let c be 4/10 - (-494)/65. Suppose -c*d = -11*d + 6. Determine s(d).
-9
Let n(s) = -4*s - 37. Let k(x) = -2*x - 19. Let q(m) = 7*k(m) - 4*n(m). What is q(-5)?
5
Let t(l) be the third derivative of -l**4/24 + 2*l**3 - 10473*l**2. Let r = 14 - 3. Give t(r).
1
Let w(v) = v**3 + 5*v**2 - 2*v + 8. Suppose 69*a - 68*a + 6 = 0. Determine w(a).
-16
Let b(d) = -2*d - 1. Let z(w) = -2*w - 2. Let l(q) = -3*b(q) + 2*z(q). Let h = 20 + -10. Let u = h - 4. What is l(u)?
11
Let y(s) = s**3 - 10. Suppose -7 = x + 3. Let b be x/35 - (-16)/7. Suppose 0 = b*h + 2*h. Give y(h).
-10
Let v(r) = -3*r - 2*r + 7*r**2 + 6*r + 1 + 1. Calculate v(-2).
28
Let z(b) = -b. Let c(h) = -3*h - 16. Let r(v) = -c(v) + 4*z(v). Let y(g) = 2*g - 30. Let w(a) = -7*r(a) - 4*y(a). Give w(0).
8
Let g = -13 - -7. Suppose 5*z - 12 = -z. Let k(i) = 4*i - 8 + 2 + i**z + 0*i**2. Calculate k(g).
6
Let g(d) = d**2 - 11*d + 0 + d**2 + 20*d**3 - 21*d**3 - 5. Let o(l) = -l**3 + 3*l**2 - 10*l - 4. Let v(u) = -4*g(u) + 5*o(u). Determine v(6).
0
Let y(h) be the second derivative of -6*h + 5/4*h**4 + 0 + 0*h**2 - 1/6*h**3. What is y(1)?
14
Let q(x) = -2*x**2 - 2*x - 1. Let s(o) = 7*o**2 + 19*o - 11. Let i(n) = -3*q(n) - s(n). What is i(-15)?
-16
Let f = -70 - -72. Let u(g) = -4*g**3 + 39*g**2 - 57*g + 49. Let j(l) = l**3 - 10*l**2 + 14*l - 12. Let i(y) = f*u(y) + 9*j(y). What is i(11)?
1
Let q(o) = 11*o**2 + 15*o + 15. Let n(t) = -9*t**2 - 12*t - 14. Let g(z) = -6*n(z) - 5*q(z). What is g(4)?
-19
Let y(m) = -7*m + 96. Let h be y(12). Let j(o) = -o**3 + 13*o**2 - 12*o + 9. Calculate j(h).
9
Let l be -15*-2*(-3)/(-18). Let d(c) = -l*c + 10*c - 4*c + 11. Give d(-5).
6
Let l(o) = 7*o + 12. Let t(n) = -2*n - 5. Let y(q) = -2*l(q) - 4*t(q). Determine y(3).
-22
Let a(c) = 6*c**3. Let s(p) = -3*p**2 + 7*p + 5. Let f = 28 + -25. Let q be s(f). Give a(q).
-6
Let w(t) be the first derivative of 7*t**2/2 - t - 1. Let b(q) = -q**2 + 15*q + 15. Let h be b(18). Let x = -38 - h. Determine w(x).
6
Let j(z) be the first derivative of -z**6/360 - z**5/120 - z**4/12 - 2*z**3/3 + 6. Let w(d) be the third derivative of j(d). Give w(-3).
-8
Let o(r) be the third derivative of r**4/24 - r**3/6 - r**2. Let g(y) = -y**2 - 6*y - 12. Let z be g(-4). Calculate o(z).
-5
Let a(c) be the third derivative of c**5/60 + c**4/4 - 5*c**3/6 - 2*c**2. Let i = 735 + -741. Calculate a(i).
-5
Suppose -10*m + 55 = m. Suppose 21 = -2*h - m*h. Let q(z) = -z**3 - 2*z**2 - 3*z - 1. Calculate q(h).
17
Let v(h) = h**3 + 6*h**2 + 4*h + 5. Suppose 5*j + 17 = 4*z, 4*z - 3 = -j + 8*z. Give v(j).
10
Suppose -5*h + 2 = -31*l + 34*l, -3*h - 14 = -2*l. Let t(a) = -a**2 - 4*a + 11. Calculate t(l).
-21
Let l(i) = -i + 1. Suppose 12 = 3*j, 5*g - 3 = j - 2. Let q be (-7)/((-21)/(-132))*g. Let y be 6/(-4)*q/33. What is l(y)?
-1
Let r(d) = -23 - 85 + 106 - d + d**2. Give r(3).
4
Let v(c) = -6*c - 9. Let b be v(-5). Let g(y) = 3*y + b - 60 + 23 - 4*y. Calculate g(-11).
-5
Suppose 16 + 68 = 4*v. Let h = v + -18. Let n(z) = -2*z. Let j(p) = -p. Let y(m) = 11*j(m) - 6*n(m). Give y(h).
3
Suppose -2*k + 11 = j, 0 = 5*j - k - 6 - 5. Let p(g) = 14 + 4*g**2 + j*g + 0 + 2*g**3 - 12. What is p(-2)?
-4
Suppose 0 = -4*k + j + 16, -3*j = 5*k + j + 1. Let n = k - -2. Let z(l) = -7*l**2 - n*l**2 + 6*l**2 - 7*l**2. What is z(-1)?
-13
Let o(j) = -6*j**2 + 6*j + 2*j**2 + 0*j**2 - 247*j**3 + 246*j**3 + 1. What is o(-5)?
-4
Let x(m) = -m**3 - 2*m**2 + 4*m + 3. Let p be (-90)/30 - (0 - (1 + -1)). What is x(p)?
0
Let i(x) = -25*x**3 + 5*x**2 + 11*x - 30. Let a(w) = -8*w**3 + 2*w**2 + 4*w - 11. Let n(v) = 11*a(v) - 4*i(v). Determine n(-1).
-11
Let h(s) = s - 22. Suppose -3